 prime?
False
Is 61707431 a prime number?
True
Is 111728389 a prime number?
True
Is 40268989 a prime number?
False
Is 731826283 a prime number?
True
Is 1911953 composite?
True
Is 130226867 prime?
True
Is 258103 a prime number?
False
Is 2314547 composite?
False
Is 3159427 composite?
True
Is 46834 composite?
True
Is 10818217 a composite number?
True
Is 19097503 a composite number?
True
Is 266461199 prime?
False
Is 10369267 prime?
False
Is 3296207 a composite number?
False
Is 25475239 composite?
False
Is 282826831 prime?
False
Is 8301837 a prime number?
False
Is 281564987 prime?
False
Is 9530179 prime?
True
Is 141698897 composite?
False
Is 1673627 a composite number?
False
Is 22426759 a prime number?
True
Is 85398629 prime?
True
Is 19304023 composite?
False
Is 6630191 a composite number?
False
Is 161185727 a composite number?
True
Is 8701621 a composite number?
False
Is 172016573 a composite number?
True
Is 13905669 a composite number?
True
Is 34494127 a composite number?
True
Is 13823731 prime?
False
Is 18058991 prime?
True
Is 147052661 a prime number?
False
Is 20970049 prime?
True
Is 2068769 composite?
False
Is 5231293 composite?
True
Is 41029853 composite?
False
Is 1646130667 a composite number?
False
Is 19501153 a prime number?
False
Is 2210617 a composite number?
False
Is 1751077 prime?
False
Is 87152423 prime?
True
Is 248047 composite?
True
Is 29962061 composite?
False
Is 1975651 composite?
False
Is 8704297 a prime number?
False
Is 180690115 a composite number?
True
Is 5533433 a prime number?
False
Is 284377274 a prime number?
False
Is 60831131 prime?
False
Is 31512595 a prime number?
False
Is 64547 prime?
False
Is 592118409 composite?
True
Is 22025863 prime?
False
Is 2046703 a composite number?
False
Is 2364459 a composite number?
True
Is 1752761 composite?
True
Is 28654543 prime?
True
Is 5672897 a composite number?
True
Is 97379251 a composite number?
True
Is 129366973 composite?
True
Is 2567417 composite?
False
Is 6501721 composite?
False
Is 782049001 a prime number?
True
Is 4900877 composite?
False
Is 15038879 a prime number?
False
Is 266335495 composite?
True
Is 36454874 composite?
True
Is 12635599 composite?
False
Is 23446727 composite?
False
Is 338122153 composite?
True
Is 865043 a prime number?
True
Is 168149281 prime?
True
Is 74896751 composite?
False
Is 158143507 a prime number?
False
Is 3799 composite?
True
Is 470323873 a composite number?
True
Is 2592899 composite?
False
Is 832721083 composite?
False
Is 468023623 composite?
False
Is 702121137 a composite number?
True
Is 38905879 a prime number?
False
Is 4779049 prime?
False
Is 206461 a prime number?
True
Is 1165603 a prime number?
False
Is 5696531 composite?
False
Is 14816323 a prime number?
False
Is 363037 prime?
True
Is 2126679 a prime number?
False
Is 3196759 prime?
True
Is 3486059 composite?
False
Is 5382935 composite?
True
Is 172139 a composite number?
True
Is 1497187 composite?
False
Is 6927017 a composite number?
False
Is 46619702 a composite number?
True
Is 23389411 a prime number?
True
Is 3846839 composite?
True
Is 6831218 prime?
False
Is 513056707 prime?
True
Is 603700367 prime?
True
Is 10142623 composite?
False
Is 12351799 a prime number?
False
Is 10952533 composite?
False
Is 84593819 prime?
False
Is 42571255 a composite number?
True
Is 52894637 prime?
False
Is 241906201 a prime number?
False
Is 601763923 a prime number?
True
Is 289837 a prime number?
True
Is 8224903 composite?
False
Is 1557629 a composite number?
True
Is 98823401 composite?
False
Is 17314117 composite?
True
Is 9337291 composite?
False
Is 518954027 composite?
False
Is 542873 a composite number?
False
Is 237614189 composite?
False
Is 353197261 a prime number?
True
Is 6897487 a prime number?
True
Is 19764523 a prime number?
False
Is 77970001 a prime number?
True
Is 1559713 composite?
False
Is 8529949 composite?
False
Is 6667589 a composite number?
False
Is 205365553 composite?
False
Is 14809577 a composite number?
True
Is 71037933 prime?
False
Is 21884062 a prime number?
False
Is 32551817 composite?
True
Is 1779073 prime?
False
Is 913391 a prime number?
False
Is 34286459 prime?
True
Is 29881101 prime?
False
Is 58812067 prime?
True
Is 834045569 a prime number?
False
Is 16075049 a composite number?
False
Is 47516099 a prime number?
True
Is 35912779 a composite number?
True
Is 300289879 a composite number?
False
Is 24491165 a composite number?
True
Is 1206753595 prime?
False
Is 12747887 prime?
False
Is 54009097 a prime number?
False
Is 1848823 composite?
False
Is 15713923 composite?
True
Is 41555959 prime?
True
Is 4864693 a prime number?
False
Is 626339 prime?
False
Is 34099113 a prime number?
False
Is 7136429 prime?
True
Is 827006687 a prime number?
False
Is 20974609 composite?
False
Is 4285049 a prime number?
True
Is 43206421 a composite number?
False
Is 178057343 composite?
False
Is 14937643 a prime number?
False
Is 146763647 a composite number?
False
Is 713041 a prime number?
False
Is 215331071 a prime number?
True
Is 2137103 a prime number?
False
Is 4307213 prime?
True
Is 1663861 prime?
True
Is 17131799 prime?
True
Is 43850011 a prime number?
True
Is 5271107 composite?
False
Is 100699 composite?
False
Is 4990417 prime?
False
Is 3316667 a composite number?
False
Is 15955957 a prime number?
True
Is 171918667 prime?
True
Is 51753041 a composite number?
False
Is 157007 prime?
True
Is 78283795 composite?
True
Is 15668377 a prime number?
True
Is 13466137 prime?
True
Is 3350131 a composite number?
False
Is 609031 prime?
False
Is 410718073 composite?
False
Is 70996069 a composite number?
True
Is 812921 a composite number?
False
Is 3556886 a composite number?
True
Is 380707211 a composite number?
False
Is 3078857 a prime number?
True
Is 49613 a composite number?
False
Is 17537341 a prime number?
False
Is 9836221 a composite number?
False
Is 15280669 a composite number?
False
Is 12269923 a composite number?
False
Is 118094153 a prime number?
False
Is 3480847 a prime number?
False
Is 11731813 a composite number?
True
Is 1185895 composite?
True
Is 74510567 a composite number?
False
Is 644443 a prime number?
True
Is 32545433 a prime number?
False
Is 68978347 prime?
True
Is 13265201 a prime number?
True
Is 963581 composite?
False
Is 75378409 a prime number?
False
Is 8596795 a prime number?
False
Is 28647323 a prime number?
False
Is 4518177 a prime number?
False
Is 3584651 prime?
False
Is 189609229 composite?
False
Is 7914817 prime?
False
Is 55760543 a composite number?
True
Is 4445349 a prime number?
False
Is 21531859 a composite number?
True
Is 5387549 a composite number?
True
Is 2052259 prime?
False
Is 492473347 composite?
True
Is 95123051 composite?
True
Is 6957091 a composite number?
False
Is 20166241 prime?
True
Is 2962291 prime?
False
Is 275087 a prime number?
True
Is 101287651 a composite number?
True
Is 9355601 prime?
False
Is 6246647 prime?
False
Is 2098639 a prime number?
True
Is 997714019 prime?
True
Is 134529251 a composite number?
False
Is 4179247 composite?
False
Is 6011462 prime?
False
Is 8626049 a composite number?
True
Is 8086859 a prime number?
False
Is 41412949 a prime number?
False
Is 136844579 a composite number?
True
Is 146555953 a composite number?
True
Is 2533627 prime?
True
Is 67507987 a prime number?
False
Is 95811187 composite?
False
Is 620349 prime?
False
Is 1373458157 prime?
True
Is 6164089 prime?
False
Is 4850113 composite?
True
Is 2310421 composite?
False
Is 46663397 prime?
False
Is 143021039 a composite number?
True
Is 1493159 prime?
True
Is 475644931 a composite number?
False
Is 20692813 composite?
True
Is 5737153 prime?
True
Is 13958947 composite?
True
Is 2775777557 prime?
False
Is 5918573 a prime number?
True
Is 16393673 composite?
True
Is 167803249 a composite number?
False
Is 24957677 composite?
False
Is 2908463 composite?
True
Is 34599179 prime?
True
Is 1157677 a composite number?
True
Is 4434079 a prime number?
False
Is 33979271 composite?
True
Is 2933219 a composite number?
False
Is 8370643 prime?
False
Is 3119867 a prime number?
False
Is 24094769 prime?
True
Is 1757149 a prime number?
False
Is 7345607 a prime number?
True
Is 178994521 a composite number?
False
Is 5034751 prime?
True
Is 117023 prime?
True
Is 7352179 composite?
False
Is 15825115 a composite number?
True
I